1 a composite number?
True
Is 57093 composite?
True
Is 12205 a composite number?
True
Is 299177 composite?
True
Is 214637 a composite number?
True
Is 238559 composite?
True
Is 3314995 a composite number?
True
Is 1367 prime?
True
Is 229681 a composite number?
False
Is 7411 prime?
True
Is 758609 a composite number?
True
Is 6511 prime?
False
Is 22769 a composite number?
False
Is 113983 composite?
False
Is 280337 composite?
False
Is 4987 prime?
True
Is 105061 composite?
True
Is 164777 prime?
False
Is 169681 a composite number?
False
Is 19739 composite?
False
Is 16117 composite?
True
Is 831993 composite?
True
Is 125551 a prime number?
True
Is 22309 a composite number?
True
Is 2474383 composite?
False
Is 78133 prime?
False
Is 128195 prime?
False
Is 21011 prime?
True
Is 12199 a prime number?
False
Is 7477 composite?
False
Is 65629 prime?
True
Is 571 composite?
False
Is 583 a composite number?
True
Is 106921 a composite number?
False
Is 287065 composite?
True
Is 129445 composite?
True
Is 6689 a prime number?
True
Is 375745 composite?
True
Is 39581 a prime number?
True
Is 195103 composite?
False
Is 6121 a composite number?
False
Is 1333297 a composite number?
True
Is 1529 prime?
False
Is 4583 a composite number?
False
Is 6421 composite?
False
Is 50003 composite?
True
Is 126307 prime?
True
Is 195419 a prime number?
False
Is 46993 a prime number?
True
Is 27831 a prime number?
False
Is 4916801 composite?
True
Is 415627 a prime number?
True
Is 4861 a prime number?
True
Is 3588289 composite?
False
Is 86321 a composite number?
True
Is 45887 prime?
True
Is 31009 prime?
False
Is 710747 composite?
True
Is 55489 prime?
False
Is 54895 a composite number?
True
Is 2681 composite?
True
Is 25451 composite?
True
Is 85781 a prime number?
True
Is 3659 prime?
True
Is 3403727 prime?
False
Is 35729 composite?
False
Is 15389 composite?
True
Is 6167 composite?
True
Is 13361 a composite number?
True
Is 48333 composite?
True
Is 24691 a composite number?
False
Is 714237 a prime number?
False
Is 14137 a prime number?
False
Is 29779 a prime number?
False
Is 2538539 prime?
False
Is 10751 a prime number?
False
Is 4107613 prime?
True
Is 751123 prime?
True
Is 153865 prime?
False
Is 180533 prime?
True
Is 264997 composite?
False
Is 51581 composite?
False
Is 103459 a prime number?
False
Is 114547 a composite number?
False
Is 48349 a prime number?
False
Is 631 composite?
False
Is 9935 a composite number?
True
Is 2957 a composite number?
False
Is 142939 a composite number?
False
Is 47555 composite?
True
Is 395459 composite?
False
Is 795785 a composite number?
True
Is 2835817 a composite number?
True
Is 117097 prime?
False
Is 23791 a composite number?
True
Is 24247 prime?
True
Is 787597 composite?
True
Is 225109 a composite number?
False
Is 236981 prime?
True
Is 39791 a prime number?
True
Is 1249913 a composite number?
True
Is 177883 a composite number?
False
Is 28394 prime?
False
Is 500291 composite?
True
Is 20603 composite?
True
Is 37239 a prime number?
False
Is 72507 prime?
False
Is 743657 a prime number?
True
Is 1541 a composite number?
True
Is 127051 composite?
False
Is 61861 a prime number?
True
Is 4327 a prime number?
True
Is 382703 a prime number?
True
Is 85673 a composite number?
True
Is 367787 prime?
False
Is 3287 prime?
False
Is 272911 prime?
True
Is 610081 prime?
True
Is 10243 a composite number?
False
Is 11203 a prime number?
False
Is 8443 a composite number?
False
Is 58154 a prime number?
False
Is 9677 a prime number?
True
Is 2819 prime?
True
Is 12587 a composite number?
True
Is 39367 composite?
False
Is 64373 a prime number?
True
Is 19369 composite?
True
Is 6502 prime?
False
Is 302897 prime?
False
Is 71411 prime?
True
Is 1341839 a prime number?
True
Is 82651 a composite number?
False
Is 107013 prime?
False
Is 7969 a composite number?
True
Is 9413 composite?
False
Is 9337 composite?
False
Is 1950857 prime?
False
Is 1952099 a composite number?
False
Is 91331 a prime number?
True
Is 109987 a prime number?
True
Is 807221 a composite number?
False
Is 5489 prime?
False
Is 55501 prime?
True
Is 54123 composite?
True
Is 81839 a composite number?
False
Is 22603 prime?
False
Is 96149 a prime number?
True
Is 455603 a prime number?
True
Is 2022127 a prime number?
False
Is 3847 a composite number?
False
Is 49151 composite?
True
Is 324469 a composite number?
False
Is 17527 composite?
True
Is 23605 prime?
False
Is 705347 composite?
True
Is 50989 a composite number?
False
Is 517 composite?
True
Is 441059 a prime number?
False
Is 10961 prime?
False
Is 1973 prime?
True
Is 2045 a prime number?
False
Is 6065 prime?
False
Is 93965 a composite number?
True
Is 936301 composite?
True
Is 15 prime?
False
Is 2456707 composite?
True
Is 52999 composite?
False
Is 45583 a composite number?
True
Is 125521 prime?
False
Is 34123 prime?
True
Is 707 a prime number?
False
Is 340313 prime?
False
Is 125243 composite?
False
Is 36823 composite?
True
Is 3389981 a prime number?
False
Is 11885 a prime number?
False
Is 25831 a prime number?
False
Is 307351 prime?
False
Is 160177 prime?
False
Is 151469 a composite number?
True
Is 134219 a prime number?
True
Is 100307 a composite number?
True
Is 2018249 composite?
False
Is 3239 composite?
True
Is 495749 composite?
False
Is 116009 prime?
True
Is 14969 composite?
False
Is 36767 a prime number?
True
Is 17291 a composite number?
False
Is 23357 a composite number?
False
Is 31379 composite?
False
Is 4717 prime?
False
Is 57829 a composite number?
False
Is 79111 a composite number?
False
Is 51749 a composite number?
False
Is 1053449 a prime number?
True
Is 27427 composite?
False
Is 16501 a composite number?
True
Is 83981 composite?
True
Is 554069 prime?
False
Is 22069 a prime number?
False
Is 52943 a prime number?
False
Is 22535 prime?
False
Is 2664377 a composite number?
True
Is 89153 composite?
False
Is 491 a prime number?
True
Is 66407 a prime number?
False
Is 81611 a composite number?
False
Is 68417 a composite number?
True
Is 129993 a composite number?
True
Is 70937 a prime number?
True
Is 295683 a composite number?
True
Is 67793 a composite number?
True
Is 210499 a composite number?
False
Is 38507 prime?
False
Is 3919 prime?
True
Is 2159 a prime number?
False
Is 186449 composite?
True
Is 1351 prime?
False
Is 17669 a prime number?
True
Is 6947 a composite number?
False
Is 2581921 composite?
False
Is 17863 prime?
True
Is 106207 prime?
True
Is 5520673 prime?
True
Is 149693 composite?
True
Is 231521 a composite number?
True
Is 14621 a composite number?
False
Is 337377 composite?
True
Is 79041 a composite number?
True
Is 48571 composite?
False
Is 6982 composite?
True
Is 182753 composite?
True
Is 56759 a composite number?
True
Is 631 a prime number?
True
Is 409 prime?
True
Is 11597 composite?
False
Is 45389 composite?
False
Is 75079 composite?
False
Is 199751 composite?
False
Is 21833 prime?
False
Is 22441 composite?
False
Is 2819 a composite number?
False
Is 444241 prime?
False
Is 620651 a prime number?
False
Is 286673 a prime number?
True
Is 195298 composite?
True
Is 2467 composite?
False
Is 952015 a prime number?
False
Is 6221785 composite?
True
Is 32081 composite?
True
Is 1009 composite?
False
Is 321353 prime?
False
Is 2203 prime?
True
Is 12853 composite?
False
Is 424565 a composite number?
True
Is 487 composite?
False
Is 278023 composite?
True
Is 6445 prime?
False
Is 661009 prime?
True
Is 254287 prime?
False
Is 146291 a prime number?
True
Is 41443 composite?
False
Is 9151 prime?
True
Is 1126703 prime?
True
Is 6805 a composite number?
True
Is 5513 composite?
True
Is 8791 composite?
True
Is 878279 prime?
True
Is 214601 composite?
True
Is 198267 a composite number?
True
Is 203587 composite?
True
Is 1761347 prime?
False
Is 12713 prime?
True
Is 9767 a composite number?
False
Is 48065 prime?
False
Is 184021 a composite number?
True
Is 2631911 a composite number?
True
Is 21026 composite?
True
Is 1117 prime?
True
Is 39129 a composite number?
True
Is 9239 a composite number?
False
Is 19901 composite?
True
Is 35201 composite?
False
Is 218869 a composite number?
True
Is 16373 a prime number?
False
Is 98191 composite?
True
Is 1010999 a composite number?
True
Is 14587 composite?
True
Is 56359 prime?
True
Is 25133 prime?
False
Is 8033 composite?
True
Is 3297043 a composite number?
Fa